 and 18980820.
180
Calculate the greatest common divisor of 3901529 and 5353.
101
What is the greatest common divisor of 260 and 13248872?
52
Calculate the greatest common factor of 51220372 and 28.
28
What is the greatest common divisor of 539 and 31009?
11
Calculate the highest common divisor of 218 and 23908387.
109
What is the highest common divisor of 1316376 and 794727?
3501
Calculate the greatest common divisor of 664989 and 112749.
2301
Calculate the greatest common divisor of 3187378 and 6976.
218
Calculate the greatest common divisor of 2075745 and 1007.
53
Calculate the highest common divisor of 36467915 and 110.
55
Calculate the greatest common factor of 173161560 and 110.
110
Calculate the greatest common divisor of 176890 and 803992.
98
Calculate the greatest common divisor of 170168 and 2136.
712
Calculate the highest common divisor of 263 and 98269687.
263
Calculate the highest common divisor of 9936306 and 2511.
279
Calculate the greatest common factor of 450156 and 209622.
966
What is the highest common divisor of 104143977 and 189?
63
Calculate the greatest common factor of 18 and 15403086.
18
What is the highest common divisor of 40283204 and 364?
52
What is the greatest common factor of 9280 and 133521800?
1160
What is the highest common divisor of 5108645 and 920?
115
What is the highest common factor of 32 and 10132440?
8
What is the greatest common factor of 307966 and 308138?
86
Calculate the greatest common factor of 60346 and 40274.
26
What is the highest common factor of 27 and 333917343?
27
What is the greatest common divisor of 96784534 and 785?
157
Calculate the greatest common factor of 310 and 14727570.
10
Calculate the greatest common divisor of 2349875 and 279125.
1375
Calculate the highest common divisor of 3360 and 236760.
120
Calculate the greatest common divisor of 5159338 and 530.
106
What is the highest common divisor of 2207774 and 2792?
698
Calculate the highest common factor of 75623 and 24487.
47
What is the greatest common divisor of 31 and 76992623?
31
What is the highest common factor of 1057843 and 3820163?
3139
What is the greatest common divisor of 2755 and 454285?
145
Calculate the highest common factor of 24 and 471976404.
12
What is the highest common divisor of 40207 and 8006381?
1297
Calculate the highest common divisor of 847 and 331723.
7
Calculate the greatest common divisor of 381706 and 21398.
26
What is the highest common divisor of 320 and 260833088?
64
Calculate the greatest common divisor of 202793 and 6034099.
1343
What is the highest common divisor of 15444 and 225140256?
1188
Calculate the greatest common divisor of 88040 and 1891.
31
Calculate the highest common divisor of 5591656 and 479136.
1736
What is the greatest common divisor of 40790799 and 414?
207
What is the highest common divisor of 23159818 and 3806?
22
What is the greatest common divisor of 6398 and 1429496?
914
Calculate the highest common divisor of 13 and 87190116.
13
Calculate the highest common factor of 70609729 and 543.
181
Calculate the highest common factor of 32225819 and 8440.
211
Calculate the greatest common factor of 10 and 4075082.
2
Calculate the greatest common divisor of 12049289 and 7.
7
Calculate the greatest common factor of 4104297 and 3621.
213
What is the highest common factor of 2178 and 21456446?
242
Calculate the highest common divisor of 3510513 and 3105.
621
Calculate the highest common factor of 984276 and 13680.
684
What is the greatest common divisor of 440986 and 25298?
182
What is the highest common divisor of 711421226 and 106?
106
Calculate the highest common factor of 506 and 671186.
46
What is the greatest common divisor of 5355968 and 72634?
3158
What is the greatest common factor of 324885 and 2125365?
1815
What is the greatest common divisor of 74 and 96118637?
37
What is the highest common divisor of 11652010 and 10?
10
What is the highest common factor of 252 and 3384780?
84
What is the greatest common divisor of 182676 and 3250?
26
What is the greatest common divisor of 562 and 21488351?
281
Calculate the highest common factor of 1450 and 7477940.
290
What is the greatest common factor of 1748918500 and 3500?
3500
What is the greatest common divisor of 10178 and 307419?
7
What is the highest common divisor of 1269 and 3629763?
423
What is the highest common divisor of 198 and 4004902?
22
What is the greatest common factor of 82 and 347147?
41
What is the greatest common factor of 1406 and 20910754?
38
What is the highest common divisor of 69212527 and 908?
227
Calculate the highest common divisor of 2697226 and 982091.
4699
What is the highest common divisor of 309 and 3000493?
103
Calculate the greatest common divisor of 1218028 and 56.
28
Calculate the greatest common divisor of 42392495 and 906.
151
Calculate the greatest common divisor of 44880 and 56765040.
4080
What is the greatest common divisor of 901386 and 612?
18
What is the highest common divisor of 956 and 15158336?
956
Calculate the greatest common factor of 34317318 and 41174.
2422
What is the greatest common divisor of 3204 and 21693216?
1068
Calculate the highest common factor of 10612 and 860999314.
5306
What is the greatest common factor of 187520338 and 5410?
1082
What is the greatest common factor of 25317 and 29207961?
873
What is the greatest common factor of 9437 and 1253?
1
Calculate the greatest common divisor of 237934407 and 4764.
1191
Calculate the greatest common divisor of 57303590 and 11670.
3890
What is the highest common divisor of 5372 and 29795798?
2686
What is the highest common divisor of 30001933 and 46436?
611
What is the greatest common factor of 8897 and 6137495?
287
Calculate the greatest common divisor of 62 and 7154614.
62
Calculate the highest common factor of 117221 and 396240.
1651
Calculate the greatest common divisor of 97622340 and 120.
60
Calculate the highest common factor of 18578 and 3962.
14
What is the greatest common factor of 26 and 16899753?
13
Calculate the highest common divisor of 990 and 5214.
66
Calculate the greatest common factor of 5203823 and 11993.
67
Calculate the greatest common divisor of 3425711542 and 542.
542
Calculate the highest common factor of 12583606 and 16254.
602
What is the highest common divisor of 384204 and 1824652?
1268
What is the highest common divisor of 21992037 and 355?
71
What is the greatest common factor of 87056605 and 7971?
2657
What is the greatest common divisor of 1045 and 7985415?
95
Calculate the highest common factor of 16102 and 531698.
166
What is the greatest common divisor of 5091012 and 8?
4
What is the highest common factor of 71394 and 583866?
978
What is the greatest common divisor of 70227 and 1448757?
2601
What is the highest common factor of 1422972 and 26226?
846
What is the greatest common divisor of 20610 and 1884670?
2290
What is the greatest common divisor of 197556 and 312090?
606
What is the highest common factor of 51415 and 48816?
113
What is the greatest common divisor of 4070 and 6446066?
814
What is the greatest common divisor of 302120 and 63112?
56
What is the highest common divisor of 31050 and 16524?
54
What is the highest common factor of 3768 and 75757524?
1884
What is the highest common divisor of 397832710 and 20?
10
Calculate the highest common factor of 46915 and 2035.
55
What is the greatest common divisor of 1775754 and 63450?
846
Calculate the greatest common divisor of 5983376 and 6832.
112
Calculate the greatest common divisor of 4410472 and 110.
22
Calculate the highest common factor of 437 and 797295.
23
What is the highest common divisor of 200040 and 6555?
15
Calculate the highest common divisor of 33937284 and 120.
12
What is the highest common factor of 28 and 31104696?
28
Calculate the highest common factor of 335279 and 23247.
7
What is the highest common divisor of 19778 and 174812?
638
What is the greatest common factor of 6251 and 4478908?
133
Calculate the greatest common divisor of 16708263 and 297.
33
Calculate the highest common factor of 51355676 and 16.
4
What is the greatest common factor of 36 and 4148884?
4
Calculate the highest common divisor of 45676 and 5387364.
2404
What is the greatest common divisor of 2604399213 and 39?
39
Calculate the highest co